be j(7). Let b(q) = 5*q**3 + 2*q**2 + q - 2. Determine b(z).
48
Let n(t) be the first derivative of -t**4/4 + 14*t**3/3 - 7*t**2 - 294. Determine n(13).
-13
Let i(w) = 5*w**3 - 6*w**3 - 5 + 54*w - 7*w**2 - 55*w. Let c be i(-7). Let g(k) = -6*k. Give g(c).
-12
Let u = 361 - 360. Let m = 2 + -1. Let o(n) = 3*n - 5*n + m + 3*n. Determine o(u).
2
Let f(l) = -l - 16. Let n(h) = -2*h - 29. Let a(i) = 7*f(i) - 4*n(i). Let d be 2/(1/(-1)) + -1. Give a(d).
1
Let i(u) be the second derivative of 1/20*u**5 + 0 - 3/2*u**2 + 7/12*u**4 + 5/6*u**3 + 17*u. Determine i(-6).
3
Let i be (-7)/(-28)*(-2 - -30). Let k(f) = -f**3 + 8*f**2 - 7*f + 3. Give k(i).
3
Let o(y) = -2 + y**2 - 1 - 2*y + 1 - 2 + 6. Determine o(2).
2
Let p(h) = 5*h - 1 - 1 + 5*h**2 - 4*h**2. Let x be (5/15)/((-1)/(-12)). Suppose x*j - 3*n + 30 = -j, 5*n = 0. What is p(j)?
4
Suppose 0 = -4*h + r - 42, 6*h + 5*r + 30 = 2*h. Let u(c) = -c - 19. What is u(h)?
-9
Let p(x) = -2*x + 3. Let r(s) = -3*s + 10. Let y(u) = -2*u + 11. Let o(j) = 6*r(j) - 4*y(j). Let k(m) = 2*o(m) - 11*p(m). Suppose 4 = -8*a + 12. Give k(a).
1
Let y(r) = r**2 + 4*r - 4. Let x be y(-4). Let m(g) be the third derivative of 1/24*g**4 + 0*g**3 + 0 - 10*g**2 + 0*g + 1/60*g**5. Give m(x).
12
Let a(c) = -2*c**2 + c**2 - c**2 + 7*c**2 - 4*c**2 + 4*c + 2. Calculate a(-3).
-1
Let c be -3 - (2 + -2 + 2 + -7). Let i(r) = r**3 - 2*r**2 + 5*r - 6. Determine i(c).
4
Suppose -5*w + 44 + 51 = 0. Suppose w*f = 14*f + 30. Let c(x) = -7 - 2*x + x**2 - x**3 + 8*x + 4*x**2. Give c(f).
-7
Let k(q) = q**3 - 7*q**2 - 8*q - 2. Let p(a) = 3*a**3 - a**2 - 2. Let j be p(2). Let v = 26 - j. Determine k(v).
-2
Let j(c) = c**3 - 2*c. Let p be ((-14)/(-56))/((-2)/(-16)). Suppose -5*q + p*q = -6. What is j(q)?
4
Suppose 5*v - 7 = -s + 11, -2*s - v + 9 = 0. Let q(j) = -8*j**2 + 3 + 0 + 11*j**3 - 12*j**s + 9*j + 2. Determine q(-9).
5
Let v(f) = -f**2 - f + 11. Let a(o) = -27*o + 491. Let r be a(18). What is v(r)?
-19
Let q(p) be the second derivative of p**7/840 - p**6/60 + p**5/60 + 2*p**3/3 + 2*p. Let l(o) be the second derivative of q(o). What is l(5)?
-15
Let u(c) = -c**3 + 9*c**2 - 7*c - 2. Let w be u(8). Let t(b) = -11*b**2 - 6*b + 1. Let h(g) = 32*g**2 + 17*g - 3. Let n(m) = w*h(m) + 17*t(m). What is n(-1)?
4
Suppose 5*j + 3*m = -32, -4*j - 4*m = -0*m + 32. Let r(g) be the second derivative of -g**5/20 - g**4/3 - 5*g**2/2 - 73*g + 1. Determine r(j).
-5
Let f(s) be the second derivative of -s**5/20 - s**4/6 - s**3/6 - 105*s. Calculate f(-1).
0
Let p(x) = -x**3 + x**2 + 4*x - 3. Let s(z) = -4*z + 61. Let r(w) = -5*w + 60. Let f(j) = 3*r(j) - 4*s(j). Let b be f(0). Let t be 6/(-8)*b/24. Determine p(t).
1
Let p(h) = 2*h**3 + h**2 - h + 1. Let l(c) = -8*c**3 - 5*c**2 + 5*c - 5. Let u(m) = 2*l(m) + 9*p(m). Calculate u(2).
13
Let j be 2/(-4) + (-6)/(-4). Let w(a) = -a**2 - a - 1. Let u(k) = 2*k**2 + 5*k. Let p(l) = j*u(l) + 3*w(l). Let s be ((-9)/(-4))/(1134/72 - 15). Give p(s).
-6
Let p(t) = -t**3 + 10*t**2 + 2*t - 15. Let f be p(10). Suppose 3*a + 5*h + 1 = h, 4*h = f*a - 9. Suppose 3*j + a = 7. Let m(d) = d**3 - 3*d**2 + 2. Give m(j).
-2
Suppose -3*a = 7*h - 4*h - 18, h - 4*a + 14 = 0. Let g be ((-5)/h)/(5/(-10)). Suppose g*x - 4 - 6 = 0. Let k(d) = 2*d**2 - 2*d + 2. Calculate k(x).
6
Let x = 92 - 84. Let h(d) = d**2 - 8*d + 8. What is h(x)?
8
Let t(n) = 12*n**2 + 2*n - 2. Let d be 11 - (9 + (-9 - -10)). Calculate t(d).
12
Let f(a) = -a**2 + 2*a**2 + 0 + a - 1. Let w be (112/140)/((-12)/(-30)). Determine f(w).
5
Let t(g) = -g**3 + 4*g**2 + 3*g + 2. Suppose 6*y - 3 = 5*y. Suppose -y*b = 4*w - 5, -w + 6*w - 5*b = 15. Let l be 8*(w + -4)/(-4). Give t(l).
14
Let g(o) = 572*o - 1144*o + 570*o + 33. Calculate g(19).
-5
Let n = 21 + -20. Let i = 2 + n. Let a(o) = 7 + 5*o**2 + 7 - 11 - o**i + o. Calculate a(5).
8
Let i(w) be the first derivative of -w**2/2 + 3*w + 4. Let g = -38 + 42. Suppose 30 = -g*x - x. What is i(x)?
9
Let y(b) be the first derivative of -b**4/4 - 3*b**3 + b**2/2 + 2*b - 145. Calculate y(-9).
-7
Let g(v) = v**3 - 2*v**2 + 3*v - 1. Let z(c) = 43*c - 128. Let d be z(3). What is g(d)?
1
Let g(z) = z**3 - 5*z**2 - 4*z - 5. Let j(p) = 1. Let k(n) = g(n) - 3*j(n). Let t = 875 - 869. Calculate k(t).
4
Let a(i) = 4*i - 4. Let t(q) = -10*q + 7. Let l(n) = -7*a(n) - 3*t(n). Let f be (-52)/10 + (-1)/(-5). What is l(f)?
-3
Let g(t) = -2*t**2 - t. Let a(k) = k**3 + 3*k**2 - 5*k - 10. Let w be a(-3). Suppose -w*x = -11*x - 24. Determine g(x).
-28
Let m(y) be the third derivative of -y**4/12 - y**3/6 + y**2. Let p = -9754 + 9750. Give m(p).
7
Suppose 0 = -5*u + w + 22, 14 = 4*u + 2*w - 12. Suppose -2*z + 25 = -7*z, -u*c = 4*z + 30. Let d(k) = 3*k**3 + k**2 + 2*k. What is d(c)?
-24
Let n be 1/4 + 110/8. Suppose o - 7 = n. Let d(a) = o*a + 0*a**2 - 17*a + a**3 + a**2 + 5*a**2 + 5. Give d(-4).
21
Let j be (4 - 2) + 0 + 1. Let k(o) = -8*o - 2 + j + 4*o**2 - 5*o**2 + 1. Let g be k(-8). Let c(p) = -2*p**3 + p**2. Give c(g).
-12
Let i(l) be the second derivative of l**3/6 + l**2/2 - 83*l. Calculate i(-9).
-8
Let m(k) = k**3 + 4*k**2 + 2*k + 2. Let o be m(-4). Let v(r) be the third derivative of r**6/120 + r**5/12 - 5*r**4/24 + r**3/2 + 3*r**2. What is v(o)?
-3
Let u(a) = -2*a + 6. Let i(s) = 3*s**3 + 2*s**2 - 4*s + 2. Let h be i(1). Suppose 0 = -h*y - 0*y + 15. What is u(y)?
-4
Suppose 4*y + 2*v - 236 = y, 4*y = 5*v + 307. Let h = -54 + y. Let l(m) = 8 - h + 10*m + 0*m + 17. Calculate l(-1).
-9
Let p(j) = 2*j**2 + j. Let o be p(-1). Suppose -o = 5*l - 21. Suppose -a = -5*q + 25, l*a - 5*q + 25 = -0. Let t(m) = -m + 5. Calculate t(a).
5
Let l(i) be the third derivative of -i**5/60 - i**4/3 - i**3/2 - 87*i**2. Give l(-9).
-12
Suppose 7*h - 20 = 3*h - 4*o, -2*h + 10 = o. Let g(p) = -p**2 + 7*p + 2. What is g(h)?
12
Suppose -j - 8*w - 3 = -10*w, j - 2 = w. Let f(p) be the first derivative of 1 - 1/2*p**2 + 8*p. What is f(j)?
1
Let q(u) = -3*u**2 - 2*u + 7. Let s be (-4095)/1287 - (26/(-22) + 1). Give q(s).
-14
Suppose 0 = -w - 3*w + 32. Let a = w - 6. Suppose 0 = x - 5, -5*o - a*x + 20 = -4*x. Let t(q) = -q**2 + 8*q - 7. What is t(o)?
5
Let j(q) = -2*q + 29. Let l(o) = -o + 14. Let k(d) = -3*j(d) + 5*l(d). Let w be k(18). Let c(h) = h**3 + h**2. Give c(w).
2
Let q(v) = v**2 - 11*v - 727. Let n be q(33). Let r(m) = -10*m + 1. What is r(n)?
11
Let l(n) = n**3 + 4*n**2 - 4*n + 2. Suppose -15 = 3*f + 4*r, 22*r - 25 = 5*f + 27*r. Give l(f).
-3
Let t(r) be the second derivative of r**3/6 - 4*r**2 + 243*r. Give t(-4).
-12
Suppose l + 1 = 2*l. Let d(c) = 1 + 1 + 2*c - l - 2. Give d(6).
11
Let g(n) = n**3 - n**2 + n - 9. Let l be g(4). Let z = -37 + l. Let f(a) = -a - 1. What is f(z)?
-7
Let o(b) be the first derivative of -b**5/60 + 3*b**4/8 - 7*b**3/6 + 5*b**2 + 9. Let l(i) be the second derivative of o(i). Calculate l(9).
-7
Let a(q) = 0*q + 11*q - 4*q**2 - 8*q - q. What is a(-2)?
-20
Let s(c) = -c + 2. Let n = -34 - -12. Let z = -18 - n. Give s(z).
-2
Let v(g) = g**2 + 6*g + 4. Let h(x) = -3*x**2 - 13*x - 8. Let s be ((-63)/(-12))/(18/24). Let y(a) = s*v(a) + 3*h(a). Let j be 2 - -2 - 0/3. What is y(j)?
-16
Let d(u) = -3*u. Let f be (-4 - -1) + 15 + 108/(-12). Give d(f).
-9
Let l = -1261 - -1265. Let y(i) = -i - 2. Let m(p) = -2. Let d(s) = 6*m(s) - 4*y(s). Give d(l).
12
Let k(r) be the second derivative of 5*r**3/6 + 3*r**2/2 - 24*r + 5. Let h be (-2)/(1/(-2)*-2). Calculate k(h).
-7
Let m = 836 - 834. Let d(j) be the second derivative of -m*j - 1/12*j**4 + 0 + 2/3*j**3 + 5/2*j**2. What is d(5)?
0
Let o(u) be the second derivative of -u**3/6 - 7*u**2/2 - 13*u + 3. What is o(-13)?
6
Let q = 932 - 948. Let d(w) = -w - 19. Calculate d(q).
-3
Let a(x) be the first derivative of -x**2 + 21*x - 132. Calculate a(14).
-7
Let w = 25 + -21. Suppose 35 = 4*u + 4*y - 7*y, -32 = -w*u + 4*y. Let l = u - 7. Let b(j) = j**3 - 4*j**2 - 3. Determine b(l).
-3
Let w(g) = 6*g**3 - 3*g**2 + 2*g + 2. Let v be (-6*4/(-16))/((-6)/(-8)). Determine w(v).
42
Let v = 11 - 25. Let h be (-48)/v - (-12)/21. Suppose z - 8 = -0*z + 4*q, 5*z = 2*q + h. Let p(u) = -u**2 + u + 9. Give p(z).
9
Let r(l) = 2*l - l + 3 - 2*l. Suppose -3*p + 23 = 10*d - 11*d, -43 = -5*p + 4*d. What is r(p)?
-4
Let g(t) = t**3 + 4*t**2 + 2*t. Let z be g(-3). Let o(a) be the second derivative of -1/12*a**4 - 70*a - a**2 + 0 + 4/